ands digit of 6789?
6
What is the hundreds digit of 8763?
7
What is the ten thousands digit of 50402?
5
What is the thousands digit of 28005?
8
What is the hundreds digit of 2994?
9
What is the units digit of 3404?
4
What is the hundreds digit of 775?
7
What is the hundreds digit of 24961?
9
What is the hundreds digit of 127334?
3
What is the ten thousands digit of 74291?
7
What is the tens digit of 4216?
1
What is the thousands digit of 3221?
3
What is the hundreds digit of 26960?
9
What is the units digit of 12610?
0
What is the hundreds digit of 3400?
4
What is the thousands digit of 12891?
2
What is the thousands digit of 3248?
3
What is the hundred thousands digit of 156576?
1
What is the tens digit of 26511?
1
What is the hundreds digit of 541?
5
What is the tens digit of 6919?
1
What is the tens digit of 44987?
8
What is the hundreds digit of 12475?
4
What is the ten thousands digit of 34593?
3
What is the thousands digit of 2817?
2
What is the tens digit of 665?
6
What is the thousands digit of 14073?
4
What is the units digit of 1762?
2
What is the units digit of 658?
8
What is the thousands digit of 62579?
2
What is the ten thousands digit of 19685?
1
What is the units digit of 1893?
3
What is the units digit of 5060?
0
What is the thousands digit of 1666?
1
What is the hundreds digit of 1858?
8
What is the units digit of 1772?
2
What is the ten thousands digit of 10510?
1
What is the tens digit of 708?
0
What is the units digit of 17803?
3
What is the hundreds digit of 82193?
1
What is the hundreds digit of 969?
9
What is the units digit of 489?
9
What is the units digit of 816?
6
What is the tens digit of 4666?
6
What is the hundred thousands digit of 138299?
1
What is the hundreds digit of 12685?
6
What is the tens digit of 362?
6
What is the hundreds digit of 2167?
1
What is the thousands digit of 30531?
0
What is the tens digit of 22814?
1
What is the tens digit of 70846?
4
What is the hundreds digit of 2372?
3
What is the tens digit of 24742?
4
What is the thousands digit of 22894?
2
What is the thousands digit of 1039?
1
What is the hundreds digit of 121354?
3
What is the hundreds digit of 26358?
3
What is the thousands digit of 6372?
6
What is the ten thousands digit of 24655?
2
What is the thousands digit of 1780?
1
What is the hundreds digit of 2416?
4
What is the units digit of 2454?
4
What is the hundreds digit of 2510?
5
What is the units digit of 1804?
4
What is the units digit of 3914?
4
What is the hundreds digit of 837?
8
What is the units digit of 90505?
5
What is the units digit of 25256?
6
What is the tens digit of 112238?
3
What is the units digit of 62848?
8
What is the hundred thousands digit of 139083?
1
What is the tens digit of 1638?
3
What is the hundreds digit of 581?
5
What is the thousands digit of 8760?
8
What is the hundreds digit of 5082?
0
What is the tens digit of 1274?
7
What is the thousands digit of 46433?
6
What is the thousands digit of 26041?
6
What is the ten thousands digit of 41405?
4
What is the units digit of 21700?
0
What is the thousands digit of 1871?
1
What is the hundreds digit of 391?
3
What is the units digit of 2938?
8
What is the units digit of 59321?
1
What is the units digit of 28?
8
What is the tens digit of 37?
3
What is the tens digit of 13644?
4
What is the units digit of 5570?
0
What is the hundreds digit of 4385?
3
What is the thousands digit of 14496?
4
What is the thousands digit of 12528?
2
What is the hundreds digit of 5866?
8
What is the units digit of 1697?
7
What is the hundreds digit of 357?
3
What is the hundreds digit of 492?
4
What is the units digit of 1429?
9
What is the hundreds digit of 10108?
1
What is the tens digit of 11247?
4
What is the units digit of 10352?
2
What is the hundreds digit of 5655?
6
What is the ten thousands digit of 63344?
6
What is the thousands digit of 2890?
2
What is the thousands digit of 4043?
4
What is the units digit of 242?
2
What is the tens digit of 7519?
1
What is the thousands digit of 13056?
3
What is the units digit of 21290?
0
What is the units digit of 87?
7
What is the units digit of 13274?
4
What is the hundreds digit of 17658?
6
What is the units digit of 35363?
3
What is the thousands digit of 32285?
2
What is the units digit of 1381?
1
What is the tens digit of 4433?
3
What is the ten thousands digit of 19902?
1
What is the hundreds digit of 502?
5
What is the hundreds digit of 2042?
0
What is the tens digit of 1174?
7
What is the tens digit of 322?
2
What is the tens digit of 29557?
5
What is the units digit of 2082?
2
What is the tens digit of 710?
1
What is the tens digit of 260?
6
What is the hundreds digit of 8504?
5
What is the units digit of 1384?
4
What is the ten thousands digit of 23541?
2
What is the thousands digit of 63770?
3
What is the units digit of 14599?
9
What is the units digit of 387?
7
What is the hundreds digit of 49110?
1
What is the units digit of 483?
3
What is the tens digit of 83291?
9
What is the hundred thousands digit of 160512?
1
What is the tens digit of 2351?
5
What is the hundreds digit of 32176?
1
What is the hundreds digit of 747?
7
What is the units digit of 11565?
5
What is the thousands digit of 29576?
9
What is the units digit of 2129?
9
What is the units digit of 1013?
3
What is the thousands digit of 55683?
5
What is the ten thousands digit of 12333?
1
What is the thousands digit of 1662?
1
What is the ten thousands digit of 166658?
6
What is the units digit of 52?
2
What is the hundreds digit of 33055?
0
What is the units digit of 1727?
7
What is the units digit of 277?
7
What is the tens digit of 173988?
8
What is the units digit of 1244?
4
What is the tens digit of 2523?
2
What is the thousands digit of 62498?
2
What is the thousands digit of 1367?
1
What is the thousands digit of 1489?
1
What is the thousands digit of 21010?
1
What is the units digit of 79744?
4
What is the units digit of 9241?
1
What is the thousands digit of 55983?
5
What is the hundreds digit of 4099?
0
What is the thousands digit of 1076?
1
What is the tens digit of 10779?
7
What is the units digit of 9769?
9
What is the thousands digit of 33508?
3
What is the units digit of 506?
6
What is the tens digit of 791?
9
What is the tens digit of 681?
8
What is the hundreds digit of 4871?
8
What is the tens digit of 3835?
3
What is the units digit of 11997?
7
What is the thousands digit of 4672?
4
What is the ten thousands digit of 11291?
1
What is the thousands digit of 16845?
6
What is the tens digit of 6324?
2
What is the units digit of 13341?
1
What is the hundreds digit of 2008?
0
What is the tens digit of 8100?
0
What is the thousands digit of 80917?
0
What is the thousands digit of 2523?
2
What is the ten thousands digit of 12169?
1
What is the tens digit of 248?
4
What is the tens digit of 482?
8
What is the hundreds digit of 5452?
4
What is the ten thousands digit of 17228?
1
What is the units digit of 9783?
3
What is the units digit of 1811?
1
What is the units digit of 38815?
5
What is the units digit of 10854?
4
What is the hundreds digit of 8266?
2
What is the tens digit of 8120?
2
What is the tens digit of 305?
0
What is the tens digit of 373?
7
What is the tens digit of 628?
2
What is the tens digit of 102987?
8
What is the thousands digit of 18428?
8
What is the units digit of 543?
3
What is the units digit of 4406?
6
What is the tens digit of 46736?
3
What is the tens digit of 10508?
0
What is the hundreds digit of 3758?
7
What is the units digit of 28455?
5
What is the thousands digit of 92949?
2
What is the hundreds digit of 361?
3
What is the tens digit of 16582?
8
What is the tens digit of 5566?
6
What is the thousands digit of 14925?
4
What is the ten thousands digit of 115689?
1
What is the thousands digit of 1995?
1
What is the hundreds digit of 1787?
7
What is the units digit of 5233?
3
What is the thousands digit of 8656?
8
What is the ten thousands digit of 10116?
1
What is the hundreds digit of 7933?
9
What is the hundreds digit of 2289?
2
What is the ten thousands digit of 26575?
2
What is the thousands digit of 42277?
2
What is the hundreds digit of 363?
3
What is the ten thousands digit of 10519?
1
What is the tens digit of 8807?
0
What is the tens digit of 3618?
1
What